 -22179*i + 22185*i - 11 - 5. Calculate v(4).
8
Let r(a) = -2*a**3 + 36*a**2 + 3*a + 40. Let b be r(19). Let h = -619 - b. Let i(g) = g**2 - 6*g - 1. Give i(h).
-1
Let s(v) = 7*v + 15. Let b(m) = 14*m + 38. Let r(z) = 4*b(z) - 10*s(z). Determine r(8).
-110
Let i(j) = 105*j**2 + 8*j + 3. Let p(o) = -473*o**2 - 33*o - 14. Let v(h) = 9*i(h) + 2*p(h). Calculate v(4).
7
Let b(f) = 13 - 6*f + 27 - 28 + 1. What is b(2)?
1
Let m = -1755 - -1757. Let i(w) = -3*w**3 + 2*w**2 - 3*w + 1. What is i(m)?
-21
Let b(j) be the first derivative of 2*j**2 - 3 + 1/3*j**3 + 1/4*j**4 + 3*j. Suppose -265*x - 76*x + 42 - 724 = 0. What is b(x)?
-9
Let x(g) = 1 + 10*g - 6*g + 4*g + g - 2*g. Let t = -75 + 76. Determine x(t).
8
Let c = -46 - -46. Let a(z) = -z**3 + z**2 + z + 214. Let q be a(c). Let y(o) = 2*o + 222 - q - o. Calculate y(-6).
2
Suppose d = -2*d - 3*u - 15, -3*d - 2*u - 17 = 0. Let y(v) be the third derivative of -v**4/24 - 22*v**2 - v. Give y(d).
7
Let a(y) = 28*y - 388. Let k(o) = -2*o**3 + 54*o**2 - 66*o + 378. Let c be k(26). Calculate a(c).
4
Let q = -8336 - -8339. Let t(i) be the second derivative of 0 - q*i**2 - 12*i + 4/3*i**3 - 1/12*i**4. Determine t(6).
6
Let z(d) = -3*d - 57. Let t(a) = a**3 - 7*a**2 - 168*a - 54. Let n be t(17). Determine z(n).
3
Let u(v) = -v**2 + 31*v + 307. Let l(t) = t**3 - 9*t**2 - 173*t + 1440. Let c be l(8). Calculate u(c).
-5
Suppose 2 = -2*m + 26. Let i(q) be the second derivative of q**5/20 - q**4 - q**3/3 + 14*q**2 - 917*q - 2. Determine i(m).
4
Let t(c) = 2*c**2 - 27*c + 14. Let b be t(13). Let n(x) = 9030*x**2 - 18062*x**2 + 9036*x**2. Determine n(b).
4
Suppose -9 - 33 = -7*q. Let o(k) = -45 + 12 + 15 + 11 + 3*k + k. Calculate o(q).
17
Let x(i) = -2*i**3 + i**2 + 9. Suppose 0 = -29*y - 384 + 248 + 223. Give x(y).
-36
Let n(f) = 3*f**2 + 2*f + 1. Let x be n(-1). Suppose -10*v = x*v - 60. Let p(i) = -2*i**2 + 3*i + 2. What is p(v)?
-33
Let p(s) = -5*s**2 + 30*s + 18. Let h(d) be the second derivative of -d**4/4 + 8*d**3/3 + 9*d**2/2 - 59*d. Let k(x) = 7*h(x) - 4*p(x). What is k(-7)?
-2
Let v(w) be the first derivative of w**4/2 + 49*w**3/3 - 23*w**2/2 + 50*w + 10666. What is v(-25)?
0
Let o(g) be the second derivative of -g**3/6 - 6*g**2 - g. Let r(w) = w**2 + 18*w - 84. Let m be r(-22). Let z be (-25)/m - 75/(-300). Determine o(z).
-6
Let d(j) = 29*j + 9. Let f(a) = 34*a + 8. Let y(i) = -6*d(i) + 5*f(i). Calculate y(-8).
18
Let c(i) be the second derivative of i**4/12 + i**3 + 2*i**2 - 372*i + 1. Calculate c(-3).
-5
Let f(r) be the third derivative of 5*r**4/12 + 3*r**3/2 + 2864*r**2. Determine f(0).
9
Let i(k) = 14*k**3 - 15*k**2 - 12*k - 80. Let w(x) = -5*x**3 + 5*x**2 + 4*x + 28. Let n(c) = 6*i(c) + 17*w(c). What is n(-6)?
56
Let k be 87/6 - (-4)/(-8) - -3. Let r be -3 + -3 + k + 0. Let h(q) = 18*q - 8*q + 3 - r*q. Calculate h(-7).
10
Let j(i) = -i**2 - 2*i + 2. Let w(v) = v**3 + 6*v - 2. Let n(p) = 4*j(p) + w(p). Suppose -108 = -5*m + m. Let k = m + -23. Determine n(k).
-2
Let k(l) be the first derivative of l**4/12 + 5*l**3/6 + 2*l**2 - 20*l - 36. Let b(g) be the first derivative of k(g). Calculate b(-4).
0
Let q(i) = -44073*i - 6 - 6 + 44095*i. What is q(-1)?
-34
Let u = -8 - 4. Let s(d) be the second derivative of -1 - 1/6*d**3 - 15*d - 3*d**2. Give s(u).
6
Let d(c) be the first derivative of c**4/4 + 10*c**3/3 - 9*c**2/2 + 19*c + 633. Give d(-11).
-3
Let b(t) = t**2 + 8*t + 12. Let d be (-195)/(-10)*-2*20. Let i = d + 771. What is b(i)?
21
Let g be 32/(-80) + (-7)/(-5). Suppose 0 = 2*t + 2*s - 12, -t - 2*s = -9 + 2. Let k(p) = -6*p**2 + 2*p**2 + g - t*p**2 - 13*p**2. What is k(-1)?
-21
Let n(r) = 2*r**3 + 4*r**2 + 4*r + 2. Let k = -51 - -56. Suppose -2*y + v = -22, -2*y + 20 = -y - k*v. Suppose 5*s - y*s - 10 = 0. What is n(s)?
-6
Let d(g) = 39*g - 19*g - 12 + 3*g**3 - 4*g + 6*g**2 + 3*g - 4*g**3. Calculate d(8).
12
Let y(j) = 5 + 37 + 15 + 144*j - 18. Let r(f) = 11*f + 3. Let p(x) = -27*r(x) + 2*y(x). Give p(-2).
15
Suppose 5*h = -a - 46, -5*h + 55*a = 52*a + 22. Let i(u) = -9*u**2 + 3*u**3 + 2*u - 6 - 12*u - 4*u**3. Give i(h).
10
Let r(l) = 5*l - 20 + 2 - 8*l. Let y(z) = 2*z + 9. Let a(w) = -w + 6. Let s be a(10). Let i(h) = s*r(h) - 7*y(h). Determine i(6).
-3
Let w(d) = -8*d + 85*d + 49 - 87*d. Calculate w(5).
-1
Let j = 18 + -64. Let x = j + 50. Let g(t) = x*t + 8*t**2 + 15*t**2 - 1 + 2*t**3 - 18*t**2. Determine g(-3).
-22
Let k = -138 + 139. Let d(b) = -k - 2 + 3*b**2 + b + 363*b**3 + b**2 - 362*b**3. Calculate d(-3).
3
Let j(t) = t. Let l(o) = -52*o - 3. Let k be l(-1). Let f = k - 53. Calculate j(f).
-4
Let n(q) be the second derivative of q**4/12 - q**3/6 - 5*q**2 + 5*q - 35. What is n(0)?
-10
Let i(h) = -11*h**2 + 240*h + 46. Let u be i(22). Let d(j) be the second derivative of 1/6*j**3 - 11*j - 1/2*j**u + 7/6*j**4 + 0. Give d(1).
14
Let l(x) = -15*x - 1. Let y be (-14)/21*1164 - -5. Let a = 770 + y. What is l(a)?
14
Let n(u) be the first derivative of -5*u**2/2 + 4*u + 14880. Suppose -q = -4*l - 3, 4 - 9 = q. Determine n(l).
14
Let a(s) = -65*s - 74. Let u(j) = 16 + 9 + 79*j - 56*j. Let c(z) = 6*a(z) + 17*u(z). Determine c(11).
-8
Suppose 3*u = 3*c, 2*u + 18 = -3*u - c. Let k(m) = -4*m + 13. Calculate k(u).
25
Let g(t) be the first derivative of -t**4/4 + 11*t**3/3 - 19*t**2/2 + 95*t - 331. Determine g(10).
5
Let v(m) = 387*m + 776. Let l be v(-2). Let i(d) = 4*d**3 - 8*d**2 - d + 1. Give i(l).
-1
Let f(i) = -2*i + 2. Let s = -66 - -68. Let o be 0*((-5)/(-15))/(s/(-6)). Suppose -5*b + 27 - 17 = o. Calculate f(b).
-2
Let v(l) = 27*l - 456. Let k be v(17). Let i(b) = -2*b**3 + 2*b**2 + 5*b - 5. Calculate i(k).
-26
Let k = -2545 - -2542. Let w(g) = -9*g - 31. Determine w(k).
-4
Let m(g) = -2*g**2 + 7*g - 4. Suppose -14*f - 88 + 236 = 78. Calculate m(f).
-19
Let x(k) = -4*k**2 + 12*k + 31. Let r(v) = 3*v**2 - 13*v - 30. Let g(a) = -5*r(a) - 4*x(a). Let t be g(-16). Let f(m) = 21 - 27 + t - m. Determine f(0).
4
Suppose -5*p = 2*p + 7 + 7. Suppose 9*g - 4*g + 3*l - 10 = 0, 0 = -2*g - l + 4. Let z(d) = -d**g - 2*d - 6 - 7*d**3 + 6*d**3 + 4. Give z(p).
6
Suppose 4*p - 37 = -3*w, 5*w = -2*p - 19 + 48. Let u(b) = -b**2 + 4*b + 6. Let q(g) = g + 1. Let c(h) = 4*q(h) - u(h). What is c(w)?
7
Let h(t) = -t**2 - 5*t + 29. Suppose 3*i = 5*x + 31, -30 = 4*i - 18. Give h(x).
5
Let f(r) = 15 - 23 + 7 + 94*r - 100*r. Let i(l) = 1. Let k(z) = f(z) + 3*i(z). Give k(4).
-22
Let y(v) = 2*v**2 - v + 1. Let j(q) = -q**3 - 8*q**2 + 7*q - 5. Let u(h) = j(h) + 6*y(h). Let x be 14*(130/(-35) - -4). Determine u(x).
5
Let t(p) = -30*p + 82. Let o = 4412 + -4409. Calculate t(o).
-8
Suppose -43*l + 5*s = -47*l + 24, s + 88 = 5*l. Let z(h) = h**2 - 14*h - 49. Give z(l).
-17
Suppose -2369 = -14*n - 2439. Let c(y) = y**3 + 9*y**2 + 12*y - 35. Calculate c(n).
5
Let i(r) = 17*r + 17*r + 7*r**2 + 3 - 16*r. Let u(w) = -6*w**2 - 17*w - 4. Let v(p) = -5*i(p) - 6*u(p). Determine v(-11).
-2
Let c(p) = -p**2 - 6*p + 2. Let y be c(-7). Let u = 15 + y. Suppose -11 = u*j - 11. Let z(n) = n - 14. What is z(j)?
-14
Let x be (4 - (138/36 - 0))*(-2)/(-1). Let o(y) be the third derivative of -13*y**2 + 0*y - 2/15*y**5 + 1/3*y**4 - 1/120*y**6 + x*y**3 + 0. What is o(-9)?
11
Let t(f) = 5*f - 78*f**2 - 15*f**2 + 4 + 85*f**2. Give t(2).
-18
Let r(y) be the first derivative of y**4/2 + 53*y**3/3 - 13*y**2 + 27*y - 241. Determine r(-27).
0
Let y(c) be the third derivative of -c**5/60 - c**4/8 - 2*c**3/3 - 33*c**2 + 2*c. Suppose -29*j - 4 = -30*j. Calculate y(j).
-32
Let l(c) = -5*c - 5. Let u(q) = -4*q + 570. Let f(i) = -6*l(i) - u(i). What is f(16)?
4
Let r(f) = -f - 12. Let m(d) = 4*d - 2*d - d + 0 + 13 - 1. Let i(k) = -4*m(k) - 5*r(k). What is i(-5)?
7
Let o(b) = -5484*b - 58 + 2737*b + 4*b**2 + 2617*b. Determine o(33).
8
Let o(m) = 4*m**2 - 2*m - 1. Suppose 13*a - 49 + 725 = 0. Let t be a/390 + (-26)/30. Determine o(t).
5
Suppose 2*r = 2*l - 0*l + 404, 206 = r - 5*l. Let z = 214 - r. Let q(u) = u**3 - 13*u**2 + u - 15. Calculate q(z).
-2
Let v(m) = m**3 + 6*m**2 - 7*m + 15. Let b be (119/(-7) - -8) + (6 - 4). Calculate v(b).
15
Let s(x) = -3*x**2 - 22*x + 16. Suppose 0 = -2*h - 44*r + 43*r - 13, 3*h = -r - 20. Determine s(h).
23
Let c(o) = -o**2 + 8*o - 10. Let q(h) = -3*h - 22. Let i be q(-15). Suppose 0 = -15*f + i*f - 64. What is c(f)?
-10
Let d(